{"id":1476,"date":"2025-02-09T12:58:53","date_gmt":"2025-02-09T11:58:53","guid":{"rendered":"https:\/\/laureth-sulfate.com\/?page_id=1476"},"modified":"2025-03-14T14:24:51","modified_gmt":"2025-03-14T13:24:51","slug":"radium-girls","status":"publish","type":"page","link":"https:\/\/laureth-sulfate.com\/index.php\/radium-girls\/","title":{"rendered":"Radium Girls"},"content":{"rendered":"\n<figure class=\"wp-block-embed is-type-video is-provider-youtube wp-block-embed-youtube wp-embed-aspect-16-9 wp-has-aspect-ratio\"><div class=\"wp-block-embed__wrapper\">\n<iframe loading=\"lazy\" title=\"Radium girls S\u00e9rie Ainsi soient-elles de Laureth Sulfate\" width=\"525\" height=\"295\" src=\"https:\/\/www.youtube.com\/embed\/YmjkLvXfoKc?feature=oembed\" frameborder=\"0\" allow=\"accelerometer; autoplay; clipboard-write; encrypted-media; gyroscope; picture-in-picture; web-share\" referrerpolicy=\"strict-origin-when-cross-origin\" allowfullscreen><\/iframe>\n<\/div><\/figure>\n\n\n\n<p>\u00d4 filles de lumi\u00e8re, d\u2019ombre et de larmes,<br>Vous qui dansiez sous l&rsquo;\u00e9clat d\u2019un astre faux,<br>Le radium sur vos l\u00e8vres, en \u00e9clat de charme,<br>\u00c9tait un poison lent, un baiser sans \u00e9cho.<\/p>\n\n\n\n<p>Seigneur, pardonnez ceux qui ne savaient pas,<br>Ceux qui voyaient vos doigts d&rsquo;or peindre les cadrans,<br>Sans voir, dans vos veines le cri sourd des draps,<br>O\u00f9, dans la nuit, se tordaient vos corps mourants.<\/p>\n\n\n\n<p>Je pleure pour vous, filles aux bouches \u00e9tincelantes,<br>Vos sourires phosphorescents brillent encore dans la nuit.<br>Vos os \u00e9clatent comme des \u00e9toiles filantes,<br>Et vos souffles se m\u00ealent aux vents, sans bruit.<\/p>\n\n\n\n<p>Vous qui portiez la lumi\u00e8re d&rsquo;une mort ignor\u00e9e,<br>Que vos ombres s\u2019envolent vers des cieux apais\u00e9s.<br>Que vos larmes, gouttes d&rsquo;uranium, cessent de br\u00fbler,<br>C\u2019\u00e9tait un poison lent, un baiser sans \u00e9cho.<br>Seigneur, pardonnez ceux qui ne savaient pas,<\/p>\n\n\n\n<p>Ceux qui voyaient vos doigts d&rsquo;or peindre les cadrans,<br>Sans voir dans vos veines le cri sourd des draps<br>O\u00f9, dans la nuit, se tordaient vos corps mourants.<\/p>\n\n\n\n<p>Je pleure pour vous, filles aux bouches \u00e9tincelantes,<br>Vos sourires phosphorescents brillent encore dans la nuit.<br>Vos os \u00e9clatent comme des \u00e9toiles filantes,<br>Et vos souffles se m\u00ealent aux vents, sans bruit.<\/p>\n\n\n\n<figure class=\"wp-block-image size-full is-style-rounded\"><img loading=\"lazy\" decoding=\"async\" width=\"535\" height=\"921\" src=\"https:\/\/laureth-sulfate.com\/wp-content\/uploads\/2025\/02\/radium-girls.png\" alt=\"\" class=\"wp-image-1477\" srcset=\"https:\/\/laureth-sulfate.com\/wp-content\/uploads\/2025\/02\/radium-girls.png 535w, https:\/\/laureth-sulfate.com\/wp-content\/uploads\/2025\/02\/radium-girls-174x300.png 174w\" sizes=\"auto, (max-width: 535px) 100vw, 535px\" \/><figcaption class=\"wp-element-caption\">Radium girls<br>S\u00e9rie Ainsi soient-elles<br>Musique, texte et voix : Laureth Sulfate<br>Enregistrement Studio : Purple .B<br>\u00a9 Laureth Sulfate 2025<\/figcaption><\/figure>\n","protected":false},"excerpt":{"rendered":"<p>\u00d4 filles de lumi\u00e8re, d\u2019ombre et de larmes,Vous qui dansiez sous l&rsquo;\u00e9clat d\u2019un astre faux,Le radium sur vos l\u00e8vres, en \u00e9clat de charme,\u00c9tait un poison lent, un baiser sans \u00e9cho. Seigneur, pardonnez ceux qui ne savaient pas,Ceux qui voyaient vos doigts d&rsquo;or peindre les cadrans,Sans voir, dans vos veines le cri sourd des draps,O\u00f9, dans &hellip; <\/p>\n<p class=\"link-more\"><a href=\"https:\/\/laureth-sulfate.com\/index.php\/radium-girls\/\" class=\"more-link\">Continuer la lecture<span class=\"screen-reader-text\"> de &laquo;&nbsp;Radium Girls&nbsp;&raquo;<\/span><\/a><\/p>\n","protected":false},"author":1,"featured_media":0,"parent":0,"menu_order":0,"comment_status":"closed","ping_status":"closed","template":"","meta":{"footnotes":""},"class_list":["post-1476","page","type-page","status-publish","hentry"],"_links":{"self":[{"href":"https:\/\/laureth-sulfate.com\/index.php\/wp-json\/wp\/v2\/pages\/1476","targetHints":{"allow":["GET"]}}],"collection":[{"href":"https:\/\/laureth-sulfate.com\/index.php\/wp-json\/wp\/v2\/pages"}],"about":[{"href":"https:\/\/laureth-sulfate.com\/index.php\/wp-json\/wp\/v2\/types\/page"}],"author":[{"embeddable":true,"href":"https:\/\/laureth-sulfate.com\/index.php\/wp-json\/wp\/v2\/users\/1"}],"replies":[{"embeddable":true,"href":"https:\/\/laureth-sulfate.com\/index.php\/wp-json\/wp\/v2\/comments?post=1476"}],"version-history":[{"count":15,"href":"https:\/\/laureth-sulfate.com\/index.php\/wp-json\/wp\/v2\/pages\/1476\/revisions"}],"predecessor-version":[{"id":1609,"href":"https:\/\/laureth-sulfate.com\/index.php\/wp-json\/wp\/v2\/pages\/1476\/revisions\/1609"}],"wp:attachment":[{"href":"https:\/\/laureth-sulfate.com\/index.php\/wp-json\/wp\/v2\/media?parent=1476"}],"curies":[{"name":"wp","href":"https:\/\/api.w.org\/{rel}","templated":true}]}}