{"id":732,"date":"2022-05-26T14:19:02","date_gmt":"2022-05-26T12:19:02","guid":{"rendered":"http:\/\/laureth-sulfate.com\/?page_id=732"},"modified":"2024-01-15T15:47:20","modified_gmt":"2024-01-15T14:47:20","slug":"tableaux-street-art","status":"publish","type":"page","link":"https:\/\/laureth-sulfate.com\/index.php\/tableaux-street-art\/","title":{"rendered":"Tableaux street-art"},"content":{"rendered":"\n<p> Pr\u00e9sentation de la collection<br>Avec ces portraits de Corona Girls , Laureth Sulfate retravaille des  street-arts \u00e0 la bombe et collage sur les articles imprim\u00e9s au temps du corona virus. <br>Les fond de tapisserie surann\u00e9es \u00e9voquent les murs de  l\u2019enfermement.<br> Les \u0153uvres propos\u00e9es sont des maquettes originales r\u00e9alis\u00e9es entre 2020  et 2021 pendant les diff\u00e9rents confinements dans les rues de Lyon.<br><\/p>\n\n\n\n<p><\/p>\n\n\n\n<ul class=\"wp-block-gallery columns-2 is-cropped wp-block-gallery-1 is-layout-flex wp-block-gallery-is-layout-flex\"><li class=\"blocks-gallery-item\"><figure><img loading=\"lazy\" decoding=\"async\" width=\"500\" height=\"685\" src=\"http:\/\/laureth-sulfate.com\/wp-content\/uploads\/2022\/05\/corone-girl-streeetart.jpg\" alt=\"\" data-id=\"739\" data-link=\"http:\/\/laureth-sulfate.com\/?attachment_id=739\" class=\"wp-image-739\" srcset=\"https:\/\/laureth-sulfate.com\/wp-content\/uploads\/2022\/05\/corone-girl-streeetart.jpg 500w, https:\/\/laureth-sulfate.com\/wp-content\/uploads\/2022\/05\/corone-girl-streeetart-219x300.jpg 219w\" sizes=\"auto, (max-width: 500px) 100vw, 500px\" \/><\/figure><\/li><li class=\"blocks-gallery-item\"><figure><img loading=\"lazy\" decoding=\"async\" width=\"500\" height=\"698\" src=\"http:\/\/laureth-sulfate.com\/wp-content\/uploads\/2022\/05\/corona-girl-streeetart5.jpg\" alt=\"\" data-id=\"737\" data-link=\"http:\/\/laureth-sulfate.com\/?attachment_id=737\" class=\"wp-image-737\" srcset=\"https:\/\/laureth-sulfate.com\/wp-content\/uploads\/2022\/05\/corona-girl-streeetart5.jpg 500w, https:\/\/laureth-sulfate.com\/wp-content\/uploads\/2022\/05\/corona-girl-streeetart5-215x300.jpg 215w\" sizes=\"auto, (max-width: 500px) 100vw, 500px\" \/><\/figure><\/li><\/ul>\n\n\n\n<ul class=\"wp-block-gallery columns-2 is-cropped wp-block-gallery-2 is-layout-flex wp-block-gallery-is-layout-flex\"><li class=\"blocks-gallery-item\"><figure><img loading=\"lazy\" decoding=\"async\" width=\"500\" height=\"496\" src=\"http:\/\/laureth-sulfate.com\/wp-content\/uploads\/2022\/05\/corona-girl-streeetart4.jpg\" alt=\"\" data-id=\"736\" data-link=\"http:\/\/laureth-sulfate.com\/?attachment_id=736\" class=\"wp-image-736\" srcset=\"https:\/\/laureth-sulfate.com\/wp-content\/uploads\/2022\/05\/corona-girl-streeetart4.jpg 500w, https:\/\/laureth-sulfate.com\/wp-content\/uploads\/2022\/05\/corona-girl-streeetart4-150x150.jpg 150w, https:\/\/laureth-sulfate.com\/wp-content\/uploads\/2022\/05\/corona-girl-streeetart4-300x298.jpg 300w, https:\/\/laureth-sulfate.com\/wp-content\/uploads\/2022\/05\/corona-girl-streeetart4-100x100.jpg 100w\" sizes=\"auto, (max-width: 500px) 100vw, 500px\" \/><\/figure><\/li><li class=\"blocks-gallery-item\"><figure><img loading=\"lazy\" decoding=\"async\" width=\"500\" height=\"498\" src=\"http:\/\/laureth-sulfate.com\/wp-content\/uploads\/2022\/05\/corona-girl-streeetart3.jpg\" alt=\"\" data-id=\"735\" data-link=\"http:\/\/laureth-sulfate.com\/?attachment_id=735\" class=\"wp-image-735\" srcset=\"https:\/\/laureth-sulfate.com\/wp-content\/uploads\/2022\/05\/corona-girl-streeetart3.jpg 500w, https:\/\/laureth-sulfate.com\/wp-content\/uploads\/2022\/05\/corona-girl-streeetart3-150x150.jpg 150w, https:\/\/laureth-sulfate.com\/wp-content\/uploads\/2022\/05\/corona-girl-streeetart3-300x300.jpg 300w, https:\/\/laureth-sulfate.com\/wp-content\/uploads\/2022\/05\/corona-girl-streeetart3-100x100.jpg 100w\" sizes=\"auto, (max-width: 500px) 100vw, 500px\" \/><\/figure><\/li><\/ul>\n\n\n\n<ul class=\"wp-block-gallery columns-2 is-cropped wp-block-gallery-3 is-layout-flex wp-block-gallery-is-layout-flex\"><li class=\"blocks-gallery-item\"><figure><img loading=\"lazy\" decoding=\"async\" width=\"500\" height=\"684\" src=\"http:\/\/laureth-sulfate.com\/wp-content\/uploads\/2022\/05\/corona-girl-streeetart6.jpg\" alt=\"\" data-id=\"738\" data-link=\"http:\/\/laureth-sulfate.com\/?attachment_id=738\" class=\"wp-image-738\" srcset=\"https:\/\/laureth-sulfate.com\/wp-content\/uploads\/2022\/05\/corona-girl-streeetart6.jpg 500w, https:\/\/laureth-sulfate.com\/wp-content\/uploads\/2022\/05\/corona-girl-streeetart6-219x300.jpg 219w\" sizes=\"auto, (max-width: 500px) 100vw, 500px\" \/><\/figure><\/li><li class=\"blocks-gallery-item\"><figure><img loading=\"lazy\" decoding=\"async\" width=\"500\" height=\"738\" src=\"http:\/\/laureth-sulfate.com\/wp-content\/uploads\/2022\/05\/corona-girl-streeetart2.jpg\" alt=\"\" data-id=\"734\" data-link=\"http:\/\/laureth-sulfate.com\/?attachment_id=734\" class=\"wp-image-734\" srcset=\"https:\/\/laureth-sulfate.com\/wp-content\/uploads\/2022\/05\/corona-girl-streeetart2.jpg 500w, https:\/\/laureth-sulfate.com\/wp-content\/uploads\/2022\/05\/corona-girl-streeetart2-203x300.jpg 203w\" sizes=\"auto, (max-width: 500px) 100vw, 500px\" \/><\/figure><\/li><\/ul>\n\n\n\n<ul class=\"wp-block-gallery columns-2 is-cropped wp-block-gallery-4 is-layout-flex wp-block-gallery-is-layout-flex\"><li class=\"blocks-gallery-item\"><figure><img loading=\"lazy\" decoding=\"async\" width=\"500\" height=\"685\" src=\"http:\/\/laureth-sulfate.com\/wp-content\/uploads\/2022\/05\/corone-girl-streeetart.jpg\" alt=\"\" data-id=\"739\" data-link=\"http:\/\/laureth-sulfate.com\/?attachment_id=739\" class=\"wp-image-739\" srcset=\"https:\/\/laureth-sulfate.com\/wp-content\/uploads\/2022\/05\/corone-girl-streeetart.jpg 500w, https:\/\/laureth-sulfate.com\/wp-content\/uploads\/2022\/05\/corone-girl-streeetart-219x300.jpg 219w\" sizes=\"auto, (max-width: 500px) 100vw, 500px\" \/><\/figure><\/li><li class=\"blocks-gallery-item\"><figure><img loading=\"lazy\" decoding=\"async\" width=\"1024\" height=\"768\" src=\"http:\/\/laureth-sulfate.com\/wp-content\/uploads\/2021\/03\/street-art-corona-laureth-sulfate-1024x768.jpg\" alt=\"\" data-id=\"382\" data-link=\"http:\/\/laureth-sulfate.com\/index.php\/a-propos-de\/street-art-corona-laureth-sulfate-2\/\" class=\"wp-image-382\" srcset=\"https:\/\/laureth-sulfate.com\/wp-content\/uploads\/2021\/03\/street-art-corona-laureth-sulfate-1024x768.jpg 1024w, https:\/\/laureth-sulfate.com\/wp-content\/uploads\/2021\/03\/street-art-corona-laureth-sulfate-300x225.jpg 300w, https:\/\/laureth-sulfate.com\/wp-content\/uploads\/2021\/03\/street-art-corona-laureth-sulfate-768x576.jpg 768w\" sizes=\"auto, (max-width: 767px) 89vw, (max-width: 1000px) 54vw, (max-width: 1071px) 543px, 580px\" \/><\/figure><\/li><\/ul>\n\n\n\n<ul class=\"wp-block-gallery columns-0 is-cropped wp-block-gallery-5 is-layout-flex wp-block-gallery-is-layout-flex\"><\/ul>\n","protected":false},"excerpt":{"rendered":"<p>Pr\u00e9sentation de la collectionAvec ces portraits de Corona Girls , Laureth Sulfate retravaille des street-arts \u00e0 la bombe et collage sur les articles imprim\u00e9s au temps du corona virus. Les fond de tapisserie surann\u00e9es \u00e9voquent les murs de l\u2019enfermement. Les \u0153uvres propos\u00e9es sont des maquettes originales r\u00e9alis\u00e9es entre 2020 et 2021 pendant les diff\u00e9rents confinements &hellip; <\/p>\n<p class=\"link-more\"><a href=\"https:\/\/laureth-sulfate.com\/index.php\/tableaux-street-art\/\" class=\"more-link\">Continuer la lecture<span class=\"screen-reader-text\"> de &laquo;&nbsp;Tableaux street-art&nbsp;&raquo;<\/span><\/a><\/p>\n","protected":false},"author":1,"featured_media":0,"parent":0,"menu_order":0,"comment_status":"closed","ping_status":"closed","template":"","meta":{"footnotes":""},"class_list":["post-732","page","type-page","status-publish","hentry"],"_links":{"self":[{"href":"https:\/\/laureth-sulfate.com\/index.php\/wp-json\/wp\/v2\/pages\/732","targetHints":{"allow":["GET"]}}],"collection":[{"href":"https:\/\/laureth-sulfate.com\/index.php\/wp-json\/wp\/v2\/pages"}],"about":[{"href":"https:\/\/laureth-sulfate.com\/index.php\/wp-json\/wp\/v2\/types\/page"}],"author":[{"embeddable":true,"href":"https:\/\/laureth-sulfate.com\/index.php\/wp-json\/wp\/v2\/users\/1"}],"replies":[{"embeddable":true,"href":"https:\/\/laureth-sulfate.com\/index.php\/wp-json\/wp\/v2\/comments?post=732"}],"version-history":[{"count":7,"href":"https:\/\/laureth-sulfate.com\/index.php\/wp-json\/wp\/v2\/pages\/732\/revisions"}],"predecessor-version":[{"id":1324,"href":"https:\/\/laureth-sulfate.com\/index.php\/wp-json\/wp\/v2\/pages\/732\/revisions\/1324"}],"wp:attachment":[{"href":"https:\/\/laureth-sulfate.com\/index.php\/wp-json\/wp\/v2\/media?parent=732"}],"curies":[{"name":"wp","href":"https:\/\/api.w.org\/{rel}","templated":true}]}}